he remainder when 670550 is divided by 111.
110
Calculate the remainder when 94170 is divided by 1070.
10
Calculate the remainder when 274985 is divided by 61.
58
Calculate the remainder when 54926 is divided by 122.
26
Calculate the remainder when 736840 is divided by 105261.
13
Calculate the remainder when 472402 is divided by 608.
594
What is the remainder when 137609 is divided by 45?
44
Calculate the remainder when 8968 is divided by 642.
622
What is the remainder when 4221 is divided by 843?
6
What is the remainder when 10768 is divided by 133?
128
Calculate the remainder when 107259 is divided by 436.
3
What is the remainder when 5269 is divided by 2627?
15
What is the remainder when 14480 is divided by 3401?
876
What is the remainder when 19021 is divided by 82?
79
Calculate the remainder when 12036 is divided by 250.
36
Calculate the remainder when 6279 is divided by 154.
119
Calculate the remainder when 259895 is divided by 476.
475
What is the remainder when 8162 is divided by 44?
22
Calculate the remainder when 94321 is divided by 47157.
7
What is the remainder when 124951 is divided by 1107?
967
Calculate the remainder when 86181 is divided by 41.
40
What is the remainder when 19748 is divided by 57?
26
What is the remainder when 1142 is divided by 352?
86
Calculate the remainder when 11164 is divided by 41.
12
Calculate the remainder when 116153 is divided by 71.
68
Calculate the remainder when 382836 is divided by 72.
12
Calculate the remainder when 1096567 is divided by 34.
33
What is the remainder when 7023 is divided by 520?
263
Calculate the remainder when 14213 is divided by 1495.
758
Calculate the remainder when 25536 is divided by 2320.
16
What is the remainder when 1902 is divided by 475?
2
Calculate the remainder when 29815 is divided by 523.
4
What is the remainder when 12575 is divided by 4?
3
What is the remainder when 9679 is divided by 22?
21
What is the remainder when 2604 is divided by 118?
8
What is the remainder when 69558 is divided by 523?
522
What is the remainder when 418060 is divided by 14?
6
What is the remainder when 30553 is divided by 67?
1
Calculate the remainder when 29793 is divided by 14896.
1
What is the remainder when 578977 is divided by 207?
205
Calculate the remainder when 1291646 is divided by 16.
14
What is the remainder when 3428 is divided by 1586?
256
Calculate the remainder when 11732 is divided by 20.
12
Calculate the remainder when 1150482 is divided by 135.
12
What is the remainder when 9540 is divided by 4?
0
What is the remainder when 7797 is divided by 89?
54
What is the remainder when 28328 is divided by 14150?
28
Calculate the remainder when 1271679 is divided by 1333.
1330
Calculate the remainder when 7623 is divided by 423.
9
Calculate the remainder when 4121 is divided by 33.
29
Calculate the remainder when 23990 is divided by 904.
486
What is the remainder when 87966 is divided by 148?
54
Calculate the remainder when 165868 is divided by 31.
18
Calculate the remainder when 334956 is divided by 26.
24
Calculate the remainder when 163934 is divided by 218.
216
What is the remainder when 9127 is divided by 194?
9
What is the remainder when 31516 is divided by 7828?
204
Calculate the remainder when 86538 is divided by 223.
14
Calculate the remainder when 4484 is divided by 494.
38
Calculate the remainder when 38236 is divided by 299.
263
Calculate the remainder when 8791 is divided by 28.
27
What is the remainder when 21499 is divided by 598?
569
Calculate the remainder when 7810 is divided by 262.
212
Calculate the remainder when 643771 is divided by 311.
1
Calculate the remainder when 975 is divided by 291.
102
What is the remainder when 4736 is divided by 674?
18
Calculate the remainder when 21012 is divided by 23.
13
Calculate the remainder when 5822 is divided by 32.
30
What is the remainder when 176839 is divided by 2720?
39
Calculate the remainder when 457610 is divided by 670.
0
What is the remainder when 34849 is divided by 11613?
10
What is the remainder when 35762 is divided by 354?
8
Calculate the remainder when 322363 is divided by 35.
13
What is the remainder when 3526 is divided by 1123?
157
Calculate the remainder when 719289 is divided by 14.
11
Calculate the remainder when 204983 is divided by 4555.
8
What is the remainder when 5104 is divided by 204?
4
What is the remainder when 20741 is divided by 162?
5
What is the remainder when 1163 is divided by 1086?
77
What is the remainder when 23028 is divided by 1978?
1270
Calculate the remainder when 16506 is divided by 208.
74
Calculate the remainder when 45594 is divided by 50.
44
What is the remainder when 14778 is divided by 235?
208
Calculate the remainder when 187461 is divided by 93726.
9
Calculate the remainder when 25935 is divided by 178.
125
Calculate the remainder when 103985 is divided by 10395.
35
Calculate the remainder when 25354 is divided by 31.
27
Calculate the remainder when 108689 is divided by 30.
29
What is the remainder when 1299903 is divided by 76?
75
What is the remainder when 1621 is divided by 56?
53
Calculate the remainder when 3385 is divided by 142.
119
What is the remainder when 1835 is divided by 303?
17
What is the remainder when 5402 is divided by 75?
2
What is the remainder when 26535 is divided by 26508?
27
Calculate the remainder when 2296396 is divided by 10.
6
What is the remainder when 8593 is divided by 1627?
458
What is the remainder when 4913 is divided by 224?
209
What is the remainder when 12552 is divided by 39?
33
What is the remainder when 334624 is divided by 86?
84
What is the remainder when 25109 is divided by 1059?
752
Calculate the remainder when 33957 is divided by 1696.
37
Calculate the remainder when 4463 is divided by 443.
33
Calculate the remainder when 1092 is divided by 824.
268
Calculate the remainder when 900594 is divided by 300192.
18
Calculate the remainder when 18244 is divided by 86.
12
What is the remainder when 58052 is divided by 11?
5
Calculate the remainder when 168378 is divided by 123.
114
Calculate the remainder when 23522 is divided by 7817.
71
What is the remainder when 97 is divided by 33?
31
Calculate the remainder when 10967 is divided by 2674.
271
What is the remainder when 179628 is divided by 89797?
34
What is the remainder when 337076 is divided by 24?
20
What is the remainder when 5392 is divided by 2687?
18
What is the remainder when 2638 is divided by 127?
98
What is the remainder when 927777 is divided by 66?
15
Calculate the remainder when 64724 is divided by 21565.
29
What is the remainder when 65137 is divided by 32568?
1
What is the remainder when 3876 is divided by 377?
106
Calculate the remainder when 3416 is divided by 216.
176
Calculate the remainder when 4739 is divided by 2344.
51
What is the remainder when 2408 is divided by 2369?
39
What is the remainder when 1130 is divided by 399?
332
Calculate the remainder when 5463 is divided by 34.
23
What is the remainder when 2676 is divided by 112?
100
What is the remainder when 111861 is divided by 76?
65
Calculate the remainder when 5207 is divided by 121.
4
What is the remainder when 6701 is divided by 1108?
53
What is the remainder when 1668615 is divided by 133?
130
What is the remainder when 94568 is divided by 22?
12
What is the remainder when 483191 is divided by 1534?
1515
What is the remainder when 376011 is divided by 87?
84
What is the remainder when 69630 is divided by 21?
15
What is the remainder when 9401 is divided by 333?
77
What is the remainder when 159735 is divided by 1439?
6
What is the remainder when 66516 is divided by 60?
36
What is the remainder when 1037 is divided by 6?
5
Calculate the remainder when 1471 is divided by 906.
565
What is the remainder when 2001 is divided by 1781?
220
What is the remainder when 26946 is divided by 613?
587
What is the remainder when 24927 is divided by 2769?
6
Calculate the remainder when 48024 is divided by 1372.
4
Calculate the remainder when 58259 is divided by 3424.
51
What is the remainder when 35534 is divided by 15?
14
Calculate the remainder when 20201 is divided by 19.
4
Calculate the remainder when 29864 is divided by 287.
16
Calculate the remainder when 35141 is divided by 11671.
128
What is the rem